)?
8
Let y(g) = 3*g**2 - 4*g - 10. Let l be y(3). Let t(n) = -29*n**2 + 1. Let b be t(2). What is the tens digit of (0 + b/l)/((-2)/14)?
6
Suppose -53*h + 1342 = -42*h. Let l = 181 - h. What is the tens digit of l?
5
Suppose 14613 = -51*g + 56*g + 2*l, g + 5*l = 2918. What is the hundreds digit of g?
9
Suppose 135*l + 55370 = 140*l - 5*b, -4*b + 44344 = 4*l. What is the thousands digit of l?
1
Let b be ((-9)/(-12))/(15/80). Suppose w - 79 = -b*q - 8, 183 = 3*w + 2*q. What is the units digit of w?
9
Suppose -2*m - 607 = -2*a - 3*m, -2*a + 601 = 3*m. Suppose -7*f + a = 39. What is the units digit of ((-4)/5)/(f/(-11305))?
8
Suppose 8*j = 7 + 57. Suppose -j*i - 5848 = -19352. What is the units digit of i?
8
Let k(v) = -v**2 + 45*v - 68. Let q be (2 - 2/4)/(84/2128). What is the tens digit of k(q)?
9
Suppose -2*d - 3*d + 25 = -5*j, -4*d - 3*j - 15 = 0. Suppose -35*h = -d*h - 29995. What is the units digit of h?
7
Suppose -7*w - 126 + 140 = 0. What is the units digit of w + 2938/8 + 17/(-68)?
9
Let s = -588 - -4044. What is the tens digit of s?
5
Let c be ((-12)/21)/(14/(-147)). Suppose -2*v = 2*v - 240. Suppose c*d - v = 2*d. What is the units digit of d?
5
Let w(r) = 45*r + 25*r + 34 - 76*r. What is the tens digit of w(-29)?
0
Let f be (-3)/((-12)/4) + -1. Suppose -5*i - 5*x + 13 = -2, f = 3*i - 4*x + 5. Suppose i - 144 = -t. What is the tens digit of t?
4
Let m = 2642 - -4234. What is the hundreds digit of m?
8
Let k = 110 + -17. Suppose p + 20 = -5*o, -4*p - 2*o = o + 165. Let l = p + k. What is the units digit of l?
8
What is the thousands digit of (-837)/(-36)*3296/3?
5
Let s(p) = -p**2 + 21*p - 36. Let k be s(19). Suppose -k*r + 342 = 24. What is the units digit of r?
9
Let g(p) = 665*p + 9043. What is the tens digit of g(67)?
9
Let j(b) = 6*b**2 + 2*b + 59. Let s be j(0). Suppose 67*h - 11672 = s*h. What is the thousands digit of h?
1
Suppose 2*t + 324430 = 16*u - 153578, -2*u + 2*t + 59758 = 0. What is the hundreds digit of u?
8
Let u(o) = -2*o**3 - 45*o**2 - 23*o - 17. Let a be u(-22). Suppose -a*y - 12 = 13, 0 = -5*s + 5*y + 2935. What is the units digit of s?
2
Let g be 1 + -4*(4 + 1068/(-16)). Suppose 3*m + 323 = 5*v, g = 4*v - 2*m - 2*m. What is the units digit of v?
7
Suppose -j - 254 = -2*m, -3*j = -2*j - 5*m + 239. Let x = -197 - j. What is the tens digit of x?
6
Let o(c) = -1787*c + 375. What is the tens digit of o(-3)?
3
Let r = 4256 + -2812. What is the hundreds digit of r?
4
Let f(p) = -p**2 + 78*p + 3 - p**3 - 11*p**2 - 65*p. Let u be f(-13). Suppose -3*t + u*l = t - 383, 0 = 5*t + l - 474. What is the units digit of t?
5
Let t = 10 + -7. Let a(j) = 36*j - 16. Let b be a(t). Let n = b + -41. What is the tens digit of n?
5
What is the tens digit of 1/((-19)/(-323)) + 12778?
9
Let d(w) = 3 - 4*w + 1 + 4. Let v = 1301 + -1311. What is the tens digit of d(v)?
4
What is the tens digit of ((-64)/10 - (8 - (-378)/(-45))) + 7774?
6
Let v = 1301 + -581. What is the tens digit of (-1)/(-1) + v/(12 - 8)?
8
Let w(v) = -v**3 + 2*v**2 - 3*v + 4. Let c be w(2). What is the units digit of (c - 0 - -14)*165/10?
8
Suppose 0 = 66*t + 100*t - 506134. What is the thousands digit of t?
3
Let h(n) = -4*n + 519. Let c be h(0). Let z = c - 365. What is the hundreds digit of z?
1
Let q(f) = f + 94*f**2 + 54 - 84 - 75*f**2. What is the hundreds digit of q(-6)?
6
What is the units digit of 88/(-140) + (-1)/(-5) + (-27278460)/(-1386)?
1
Let v(k) = -k**3 + 19*k**2 + 12*k + 173. Let d be v(20). What is the units digit of 351 + (-11 - -2) + d?
5
Let m(n) = -823*n - 26. Let x be m(-8). Suppose 3297 = 9*v - x. Suppose -10 = -5*c - 0, -v = -5*s + 5*c. What is the hundreds digit of s?
2
Suppose 24*p - z - 172786 = 11*p, -39879 = -3*p + 2*z. What is the ten thousands digit of p?
1
Let o be ((-24)/9)/((-20)/(-12) - 2). Suppose o*f - 619 = 2269. What is the tens digit of f?
6
Let q(v) = 4*v**3 + 3*v**2 + 2*v - 4. Let h be q(1). Suppose -r + 849 = h*t, 0 = -r + 4*r + 4*t - 2514. What is the tens digit of r?
3
Let o be -1*5/(-15)*(3610 - 4). Let u = o + 18. What is the units digit of u?
0
Suppose -33 = 3*n - 93. What is the units digit of -95*8/n*-3?
4
Let v(d) = -18*d**3 + 50*d + 277. What is the thousands digit of v(-7)?
6
Suppose -1786*d + 901042 = -1529*d. What is the thousands digit of d?
3
Let v = -41 + 41. Suppose 3*z + 186 - 813 = v. What is the units digit of z?
9
Suppose 122471 = -101*m + 915826. What is the units digit of m?
5
Suppose 121*c - 979412 = -12*c. What is the thousands digit of c?
7
Let o(m) = -m**3 - m**2 - m + 1. Let t(d) = -2*d**3 - 10*d**2 - 12*d - 1. Let h(b) = -6*o(b) + t(b). What is the tens digit of h(5)?
6
Let d(f) = -f**2 - 5*f - 17. Suppose 30 = -14*g + 8*g. Let m be d(g). Let z = m - -34. What is the units digit of z?
7
Let b be 147507 - ((-26)/7 - (-24)/(-84)). Suppose 0 = -14*c - 123809 - b. What is the hundreds digit of (c/21)/(-4) + 8/28?
2
Suppose -23*m - 32*m + 72380 = -20*m. What is the thousands digit of m?
2
Suppose -4*n + 120 = -10*n. Let w(m) = 4*m**2 + 51*m - 2. What is the hundreds digit of w(n)?
5
Suppose -i + 120092 + 33912 = 4*h, h = 4*i + 38535. What is the units digit of h?
3
Let h(q) = -3*q + 82. Suppose -2*b - 3*b = v, -5*b + v = 0. What is the units digit of h(b)?
2
Let v = -21 + 75. Let z = 68 + -110. Let m = z + v. What is the tens digit of m?
1
Let z = 11593 - 3449. What is the tens digit of z?
4
Let b = -1154 + 1378. What is the tens digit of b?
2
What is the hundreds digit of ((-2)/(4/(-3)))/(((-1045)/(-412338))/55)?
5
Let p = -96 - -172. Let a = 473 - p. What is the units digit of a?
7
What is the tens digit of (-657902)/(-17) - 8/(-612)*(-24 - -15)?
0
Suppose 2 - 17 = -2*o + 3*l, o + 4*l = -9. Suppose 0 = -m - o*g + 698, 2*g - 762 = -m - 59. What is the hundreds digit of m?
7
Suppose -2990*h = -3003*h + 45864. What is the units digit of h?
8
Suppose -9*y - 358 = -11*y - 4*s, 3*s + 323 = 2*y. Suppose -y*p - 1210 = -174*p. What is the units digit of p?
2
Suppose 71*s + 804268 = 205*s. What is the hundreds digit of s?
0
Let r = 6 + -4. Let x be (15 + 2 + 89)/2. Suppose 0 = r*q + 3*m - 151, q - x = -2*m + 25. What is the tens digit of q?
6
Suppose 54*o = 44*o - 26400. Let d = -1718 - o. What is the units digit of d?
2
Let p(o) = -4*o - 8. Let f be p(-4). Suppose -a = -3*a + f. What is the hundreds digit of a + (-639)/(-6) - (-1)/2?
1
Suppose 2*i = -5*b - 4, 0 = -5*i + 4*b + b + 25. Let z be (i - 0 - 7) + 55. Let s = z - 24. What is the units digit of s?
7
Let w(q) = 3*q**2 + 17*q + 12. Let z = -78 + 57. Let f = -28 - z. What is the units digit of w(f)?
0
Suppose 0 = -3*q - 4*t + 6, 1 = 5*q + 5*t - 9. Suppose 0 = 3*s - 12, 0 = 2*h + 4*s - 8 - q. What is the units digit of (-11)/(-3) - 4/h?
5
Suppose 2*a = -5*p + 606, -3*a = 3*p - 149 - 220. Let j be 3618/(-9)*(-2)/3. Let m = j - p. What is the units digit of m?
8
Suppose -19*i - 60809 = -367233 - 66527. What is the hundreds digit of i?
6
Let r be 0 + 20/7 + 6/42. Suppose -18 = -2*i + 2*u, -r*u + 0 = 2*i - 13. What is the units digit of i?
8
Let t(r) = 69*r**2 + 17*r + 214. What is the tens digit of t(-12)?
4
Let g(k) = 4*k**2 - 21*k + 28. Let w(t) = 3*t**2 - 20*t + 26. Let o(j) = 5*g(j) - 6*w(j). What is the tens digit of o(8)?
3
Let r(w) = -5*w**3 + w**2 + w - 10 - 10*w**3 + 19. What is the units digit of r(-3)?
0
Let n(z) = -z**2 + 1. Let m(y) = 6*y**2 - 7*y - 14. Let o(c) = m(c) + 2*n(c). Suppose -3*q - 1 = -5*i + 3, i = -5*q + 40. What is the hundreds digit of o(q)?
1
Let b(z) = 7*z**2 + 10*z + 2. Let a be b(7). Suppose -5*g + 130 + a = 0. Let i = g + -31. What is the units digit of i?
8
Let c(v) = -1091*v - 267. What is the tens digit of c(-11)?
3
Let z = 78 + -78. Suppose -2*c + 3*c = -m, 3*c - 4*m + 35 = z. What is the tens digit of 198/c*((-10)/(-4) - 5)?
9
Let z(b) = 62*b**3 - b**2 - 7*b + 19. What is the hundreds digit of z(4)?
9
Let g = 30 + -29. Suppose 3*c + 4 = 5*d + g, -c = 1. Suppose -7*n + 8*n - 50 = d. What is the units digit of n?
0
Suppose o - 5*o - 11401 + 42349 = 0. What is the thousands digit of o?
7
Suppose 8*c - 5*c - 4*w + 20 = 0, -3*w + 15 = 0. Suppose c = 5*j, -5*n + 200 = 5*j - 435. What is the tens digit of n?
2
Suppose -25635 + 4163 = -32*o. Suppose 3*x + d + o - 2286 = 0, x - 541 = d. What is the tens digit of x?
3
Suppose -